s?
2, 163
Suppose 4*k = -z + 759 + 77, -2*z + 1661 = -3*k. What are the prime factors of z?
2, 13
Suppose q + p - 4 = 0, -4*q + p = -q - 12. Suppose -q*v - 3 = -339. What are the prime factors of v?
2, 3, 7
Let s be (-216)/(-42) + 2/(-14). Suppose -954 = 2*f - s*f + 3*m, 2*f = 4*m + 638. List the prime factors of f.
317
Suppose 5*z + 2*c = 31, 3*z - 2*c = 2*c + 29. Let k be 2*(3 + -2) + 1. Let f = z + k. List the prime factors of f.
2, 5
Let i = 812 - 153. What are the prime factors of i?
659
Let q(a) = -3*a**2 + a + a**3 + 6*a**2 - 2*a**2 + 3 + 12. Let m be q(0). Let j = m - 6. What are the prime factors of j?
3
Let n be 255/(-60)*(1 + -2)*-68. List the prime factors of n/(-3) - ((-2)/(-6) + 0).
2, 3
Suppose 7*v = 6*v + 4. Suppose 0 = -0*m + v*m - 148. What are the prime factors of m?
37
Let x(q) = -9*q**3 + q**2 + 2*q - 8. Let a(z) = -8*z**3 + z - 8. Let r(i) = 5*a(i) - 4*x(i). List the prime factors of r(-3).
73
Let k = 34 - 60. Let u be (-2)/(-3) - k/(-39). Suppose u = 4*g - 3*g - 74. List the prime factors of g.
2, 37
Let x = 3 - 3. What are the prime factors of 119 - 2 - ((4 - 2) + x)?
5, 23
Let j be (-3)/((3/(-162))/(2/4)). Suppose -2*r = r - j. List the prime factors of r.
3
Suppose -8312 = -38*g + 33982. List the prime factors of g.
3, 7, 53
Suppose -5*m - 2*m = -833. Suppose -m*g + 116*g = -96. List the prime factors of g.
2
Let v be -9 + 1 - (-4 + 1). Let n = -29 - v. Let m = -5 - n. What are the prime factors of m?
19
Let r = 12 - 25. Let j = -5 - -18. Let h = j - r. What are the prime factors of h?
2, 13
Let z(y) = 19*y - 30. What are the prime factors of z(16)?
2, 137
Suppose 5*y + 6*w - 917 = 2*w, -3*w = 5*y - 919. What are the prime factors of y?
5, 37
Suppose -3 = 4*l + 1. Let i(j) = j + 1. Let y be i(l). Suppose y = -u + 3*u - 12. List the prime factors of u.
2, 3
Let i = -130 + 138. Suppose -26*h = -i*h - 4212. List the prime factors of h.
2, 3, 13
Let u = -315 - -580. What are the prime factors of u?
5, 53
Let k be 26/7 + (-8)/(-28). Let x be ((-4)/k)/(2/44). Let h = x - -32. What are the prime factors of h?
2, 5
Let u be (-5712)/(-15) - (-4)/20. Let x = -218 + u. List the prime factors of x.
163
Let z(d) = 8 - 56*d + 75*d + 8. Let x be z(6). Suppose o - 6*o + x = 0. What are the prime factors of o?
2, 13
Suppose 0 = -2*u - 10 + 14. Suppose 127 = u*x + 43. List the prime factors of x.
2, 3, 7
Let j be (1 + -9)/(-8 - -6). Suppose p + 0*p - 106 = -4*i, -j*p + 492 = -i. What are the prime factors of p?
2, 61
Let g = 755 - -352. List the prime factors of g.
3, 41
Suppose 0 = -3*h - 7*x + 3*x + 22, 4*h + 2*x = 36. List the prime factors of 48/10 - h/(-50).
5
List the prime factors of (-81848)/(-120) - 1/15.
2, 11, 31
Suppose 292 = 4*y - 0*y. Let t = y - 69. List the prime factors of t.
2
Let p(v) = -v**3 - 6*v**2 + 5*v - 5. Let q be p(-7). Let d(m) = -2*m + 10 - q*m - 5 + 7*m + 5*m**2. What are the prime factors of d(2)?
17
Let m be ((-31)/3)/((-5)/15). Suppose -3*l - 5*g = m, -3*l - l = 2*g + 18. List the prime factors of -37*((-3 - -4) + l).
37
Suppose -4 = 2*a - 10, 4*d = 4*a + 8276. List the prime factors of d.
2, 7, 37
Let y(n) = n**3 - 30*n**2 + 33*n - 81. List the prime factors of y(30).
3, 101
What are the prime factors of (18/(-10))/(5/(-675))?
3
Let t = 21 - 7. Let a be 286/(-6) - t/(-21). Let y = -22 - a. List the prime factors of y.
5
Suppose 5*s = 5*u + 17315, 2*u + u - 10407 = -3*s. What are the prime factors of s?
2, 1733
Suppose -32*k + 36*k - 152 = 0. Suppose -30*t = -k*t + 304. List the prime factors of t.
2, 19
Let h = 117 - 113. What are the prime factors of ((-70)/25 + h)*5*14?
2, 3, 7
Let d be (-1)/(-4)*(32 + -4). Suppose -8*s + d*s = -91. Let v = s - 49. List the prime factors of v.
2, 3, 7
Let v = -54 + 124. List the prime factors of v.
2, 5, 7
Let f(s) = -s**3 + 12*s**2 + 13*s + 1. Let h be f(13). Suppose 9 = -2*g - 3*x, -5*x - h - 1 = -g. What are the prime factors of g/(6/(-74)) - 2?
5, 7
Let x(u) = u**3 - u + 231. Let c be x(0). Suppose -c = -w - 2*p, w + 3*p - 236 = 2*p. What are the prime factors of w?
241
Let y(j) = 65*j + 4. Let t(o) = 43*o + 3. Let u(c) = 8*t(c) - 5*y(c). What are the prime factors of u(4)?
2, 5
Suppose 57*p - 5875 - 20801 = 0. List the prime factors of p.
2, 3, 13
Let j(k) = -k**2 - 7*k - 1. Let m be j(-6). Suppose -m*q = -5*x - 255, x + 105 - 342 = -5*q. List the prime factors of q.
2, 3
Suppose 7 = -4*u + 15. Suppose 0*o = -u*o + 4. Suppose p - o = 15. List the prime factors of p.
17
Suppose 4*p - 287 = 5*i, -p + 4*i = -32 - 48. List the prime factors of p.
2, 17
Let y(j) = -8 + 5*j - 6 - 5*j**2 + 17*j**2 - 11*j**2. List the prime factors of y(-14).
2, 7
Let s be 44/24 + 1/6. Let v be ((-20)/(2 + s))/(-1). Suppose v*x - 2*x = 27. List the prime factors of x.
3
Let q(x) = 2*x**2 + 26*x + 21. Suppose 2*l - 18 = 2*v, v - 3*l = -3*v - 40. What are the prime factors of q(v)?
3, 7
Suppose -2*g + 2840 = -n + 195, -3*g = -3*n - 3975. What are the prime factors of g?
2, 3, 5, 11
Suppose 8272 = 2*w + n + 1408, -3*w + 3*n + 10305 = 0. List the prime factors of w.
3433
Let l(p) = -p - 1. Let j be l(-7). Suppose -2*c + 4 = -j. Suppose -79 = -c*t + 3*z, 0*t + 3*t + 4*z = 59. What are the prime factors of t?
17
Let k(b) = -b**3 - 6*b**2 - b - 2. Let f be k(-3). Let n = -24 - f. List the prime factors of n.
2
Suppose -3*d = 10*d - 6604. List the prime factors of d.
2, 127
Let t be ((-14)/6)/(-7)*9. Suppose -4*k = 7 - t. What are the prime factors of k - (1 - (9 - 3))?
2
Suppose 0 = 4*r - 90 - 826. Let b = 435 - r. What are the prime factors of b?
2, 103
Let p(z) = -2*z**3 - 4*z**2 - 2*z - 2. Let f be (-2)/(-2 - 10/(-4)). What are the prime factors of p(f)?
2, 5, 7
Let u = 1142 - -175. List the prime factors of u.
3, 439
Let x = 9 + 6. Let n = x - 14. List the prime factors of (-2)/(-6)*(25 - n).
2
Suppose -3*a - 3 = -2*a. Let p(f) = -3*f - f**2 + 3 + 0*f - 3*f. What are the prime factors of p(a)?
2, 3
Let r(d) = -186*d + 44. List the prime factors of r(-8).
2, 383
Let u be 4/((-32)/(-466)) - (-15)/20. Suppose 3*q - 7*q = 5*l - u, 5*q - 4*l - 43 = 0. List the prime factors of q.
11
Let r(y) = -y**3 + 7*y**2 + 12*y - 12. Let q = 18 - 10. Let z be r(q). Suppose 0 = -5*f - z, -f - f = 2*m - 34. What are the prime factors of m?
3, 7
Suppose 3*m + 4 = 2*y + 7*m, -4*y - 3*m = -13. Suppose -y*h = -3*h - 2. List the prime factors of 41 - ((1 - h) + 1).
41
Let t = -47 + 52. Suppose -3*h + 2*u = -361, -2*h - t*u + 143 = -h. List the prime factors of h.
3, 41
Suppose 0 = 4*x + 9*x - 39. Suppose 5*q + 13 = s, 19 = x*s - s - 3*q. What are the prime factors of s?
2
Let y(g) = -g**2 + 73*g + 101. What are the prime factors of y(42)?
23, 61
Let y = 1818 - 775. List the prime factors of y.
7, 149
Suppose -2*u = u - 4*y - 7, -u = -4*y + 3. Suppose 0 = 4*v + u*l + 15, 0 = -v + l + 2 + 1. Let f = 58 + v. What are the prime factors of f?
2, 29
Let h be 0*(-4)/(-7 - 1). Suppose -266 = -h*s + 2*s. List the prime factors of s/(-4) + 2/(-8).
3, 11
Suppose o + 3*t + 38 = 0, 0*t = -4*o + 2*t - 152. Let y = 141 - o. List the prime factors of y.
179
Suppose -5*h + 5 = 0, -5*i + 2*h = 3*h - 256. Let x be 2/(-10) + (-1503)/(-15). Let w = x - i. What are the prime factors of w?
7
Suppose 2*t = -8, c - t = 2*t + 14. List the prime factors of ((-464)/12*(1 - 4))/c.
2, 29
Let f = 15 + 22. Suppose -317 - f = -2*b. List the prime factors of b.
3, 59
Let p be ((-28)/(-8))/(-7)*(-5 - -1). Suppose 5*r - 539 = -p*r. List the prime factors of r.
7, 11
Suppose y - 65 = b - 5*b, 2*b = -3*y + 45. Suppose 0 = 23*g - b*g - 856. What are the prime factors of g?
107
Suppose -u - 11 = -3*a, -a - 1 - 2 = 3*u. Suppose 228 = a*f - 2*b, 5*b - 39 = -f + 20. List the prime factors of f.
2, 37
Let f be (-112)/6*(-9)/(-3). Let q = -13 - f. Suppose 0 = 3*s + 1 - q. List the prime factors of s.
2, 7
Suppose -30*o - 4932 = -35*o + n, -5*n = -4*o + 3933. List the prime factors of o.
3, 7, 47
Suppose 4*j = -2*b + 6728, -3*j + 5046 = -11*b + 7*b. What are the prime factors of j?
2, 29
Let g = 25 - -1. Suppose -1 = -3*o + g. What are the prime factors of o?
3
Let b(h) = h + 12. Let s be b(-5). Suppose -s*o + 15 - 71 = 0. What are the prime factors of (-94)/(-3) + o/(-12)?
2
Let i(v) = v**3 + 8*v**2 + 6*v - 8. Let x be i(-7). What are the prime factors 